st common divisor of 37341 and 106491?
1383
What is the greatest common divisor of 38305989 and 12436?
3109
Calculate the greatest common divisor of 6461907 and 94587.
2307
Calculate the greatest common divisor of 145542 and 38862.
762
What is the highest common divisor of 7551914 and 140826?
958
What is the greatest common divisor of 357885 and 621057?
723
Calculate the greatest common divisor of 65 and 58157346.
13
Calculate the greatest common factor of 30 and 22707520.
10
Calculate the highest common factor of 180602 and 16571.
73
What is the highest common factor of 28 and 50952790?
14
Calculate the greatest common factor of 1596864 and 75.
3
What is the greatest common divisor of 1684986 and 148482?
438
Calculate the highest common divisor of 2948990 and 16932.
2822
Calculate the greatest common factor of 188307 and 72.
9
What is the highest common factor of 2624 and 15618335?
41
What is the greatest common divisor of 824 and 2705501?
103
What is the highest common factor of 8424 and 4672408?
104
What is the greatest common divisor of 5368 and 592424558?
1342
What is the greatest common factor of 7106624 and 64?
64
What is the highest common factor of 46275 and 10964925?
75
Calculate the highest common divisor of 864 and 1577286.
54
What is the highest common divisor of 968 and 71026879?
121
What is the greatest common divisor of 319 and 45606?
11
Calculate the greatest common factor of 3464997 and 81.
3
Calculate the greatest common divisor of 63036243 and 171.
171
What is the greatest common divisor of 99844 and 91560?
436
What is the greatest common divisor of 84 and 12128214?
42
What is the highest common factor of 264537 and 897?
39
Calculate the highest common divisor of 336 and 4468704.
48
What is the greatest common factor of 176 and 3076744?
88
What is the highest common divisor of 3397804 and 282052?
2636
What is the highest common divisor of 1174150 and 250?
50
What is the highest common divisor of 123 and 132051?
3
Calculate the greatest common divisor of 159 and 20407809.
159
Calculate the greatest common divisor of 409 and 40802249.
409
What is the greatest common divisor of 6276684 and 8946?
426
What is the highest common divisor of 3205740140 and 545?
545
What is the greatest common divisor of 10662 and 1423819473?
5331
Calculate the greatest common factor of 3314677 and 85.
17
What is the highest common factor of 22 and 33445313?
11
What is the greatest common divisor of 4157925 and 19475?
25
Calculate the highest common divisor of 6914486 and 155918.
3182
Calculate the greatest common factor of 98 and 43226.
2
Calculate the highest common divisor of 4110584 and 17152.
536
What is the greatest common factor of 10568285 and 2870?
35
What is the greatest common divisor of 28132062 and 370?
74
What is the highest common factor of 1452035 and 7120?
445
Calculate the greatest common divisor of 1337 and 120127.
7
Calculate the greatest common factor of 35327 and 131.
1
What is the highest common divisor of 5640 and 43220?
20
Calculate the greatest common factor of 8 and 62186584.
8
Calculate the greatest common factor of 60008 and 420160.
104
Calculate the greatest common divisor of 7819952 and 9072.
112
Calculate the greatest common factor of 40 and 352595.
5
Calculate the greatest common divisor of 1051944 and 37824.
24
What is the greatest common factor of 306 and 389473740?
306
What is the greatest common factor of 65 and 16325445?
5
What is the highest common factor of 276 and 65831796?
276
What is the greatest common divisor of 100507092 and 56?
28
What is the highest common factor of 666 and 280458?
18
Calculate the greatest common divisor of 27787 and 697679.
751
Calculate the highest common divisor of 383616 and 494616.
888
Calculate the highest common divisor of 1300141843 and 1001.
1001
Calculate the highest common divisor of 188239459 and 991.
991
Calculate the greatest common factor of 29829367 and 184.
23
Calculate the greatest common divisor of 4481407 and 29729.
959
What is the greatest common factor of 583866 and 6064326?
3582
Calculate the greatest common divisor of 7240408 and 672.
56
What is the greatest common divisor of 7 and 293041175?
7
What is the greatest common factor of 33616 and 178368?
16
Calculate the highest common divisor of 7302 and 45009.
3
What is the highest common factor of 189314 and 344638?
206
What is the greatest common factor of 1063234 and 752?
94
What is the greatest common factor of 1869 and 10534307?
623
Calculate the greatest common divisor of 274900156 and 4.
4
What is the greatest common factor of 2211 and 29067414?
201
What is the greatest common factor of 4120453 and 6377?
911
Calculate the highest common divisor of 90 and 103283755.
5
What is the greatest common factor of 383306560 and 1792?
448
Calculate the highest common factor of 105 and 387578695.
35
Calculate the greatest common divisor of 4876144 and 75348.
364
What is the highest common factor of 13246 and 169238?
74
Calculate the highest common divisor of 3765300 and 48356.
308
What is the highest common factor of 18 and 54870462?
18
What is the greatest common factor of 192461230 and 13?
13
What is the greatest common factor of 152354441 and 131?
131
What is the greatest common factor of 70 and 84807415?
35
Calculate the highest common divisor of 17 and 18706579.
17
What is the highest common divisor of 2348864 and 134456?
2744
Calculate the greatest common factor of 37257359 and 12752.
797
What is the greatest common divisor of 101 and 657215080?
101
Calculate the greatest common divisor of 1587036 and 288948.
1452
What is the greatest common factor of 6136320 and 59596?
188
Calculate the greatest common divisor of 89938 and 250321.
193
Calculate the greatest common factor of 3620 and 62742745.
905
What is the greatest common divisor of 37 and 14738?
1
Calculate the highest common divisor of 32179 and 72945196.
4597
Calculate the greatest common divisor of 7718 and 102.
34
Calculate the highest common divisor of 63954 and 34562.
22
What is the highest common divisor of 1000 and 2583400?
200
Calculate the highest common factor of 262812 and 1226940.
1452
Calculate the greatest common divisor of 17929385 and 20781.
2309
What is the greatest common divisor of 8232587 and 1375?
11
Calculate the greatest common divisor of 183629952 and 72.
72
Calculate the highest common divisor of 6151843 and 2.
1
Calculate the highest common divisor of 19730112 and 576.
192
What is the highest common factor of 5850805 and 16196?
4049
What is the greatest common factor of 44125 and 5300?
25
What is the greatest common factor of 172331115 and 11506?
5753
Calculate the greatest common factor of 244 and 97007324.
244
Calculate the greatest common factor of 56141 and 70629.
1811
Calculate the greatest common divisor of 15521 and 15042467.
187
What is the highest common divisor of 564 and 20162013?
141
Calculate the greatest common factor of 1366 and 17981341.
683
Calculate the highest common factor of 5904 and 120996.
36
What is the highest common factor of 63431352 and 2088?
2088
Calculate the greatest common divisor of 28 and 428105902.
14
Calculate the greatest common divisor of 2070941778 and 18.
18
Calculate the greatest common divisor of 33215076 and 5508.
1836
What is the highest common factor of 468 and 150124?
52
What is the greatest common divisor of 8911546 and 84?
14
Calculate the highest common divisor of 32 and 1594724.
4
Calculate the highest common factor of 92991380 and 1692.
188
What is the greatest common factor of 33627044 and 44?
44
Calculate the greatest common divisor of 39762 and 264294.
18
What is the highest common factor of 224 and 16771264?
32
What is the highest common divisor of 805 and 7712635?
35
What is the greatest common factor of 15 and 12363420?
15
Calculate the greatest common divisor of 20 and 91927120.
20
What is the greatest common factor of 63 and 372144843?
63
What is the highest common factor of 22 and 1372461673?
11
What is the greatest common divisor of 4896940 and 15?
5
What is the highest common factor of 3301750 and 517?
47
What is the greatest common factor of 46440000 and 16?
16
Calculate the greatest common divisor of 1909 and 269744.
23
What is the greatest common divisor of 225 an